


{"id":20,"date":"2015-03-01T22:33:12","date_gmt":"2015-03-01T22:33:12","guid":{"rendered":"http:\/\/www.engenhariacivil.com\/curso\/?page_id=20"},"modified":"2016-08-17T22:47:36","modified_gmt":"2016-08-17T22:47:36","slug":"portugal","status":"publish","type":"page","link":"https:\/\/www.engenhariacivil.com\/curso\/portugal","title":{"rendered":"Cursos de Engenharia Civil em Portugal"},"content":{"rendered":"<p>Lista com todos os <strong>Cursos de Engenharia Civil em Portugal<\/strong>, incluindo Mestrados Integrados de Engenharia Civil, Licenciaturas em Engenharia Civil e Doutoramentos em Engenharia Civil. S\u00e3o tamb\u00e9m apresentadas todas as Universidades, Institutos e <strong>Faculdades de Engenharia Civil em Portugal<\/strong>.<\/p>\n<p><span style=\"text-decoration: underline;\">Tipo de ensino<\/span><br \/>\n<strong><a href=\"http:\/\/www.engenhariacivil.com\/curso\/ensino\/universitario?pais=portugal\">Ensino Universit\u00e1rio de Engenharia Civil<\/a><\/strong> \u00a0\u00a0\u00a0\u00a0\u00a0\u00a0\u00a0\u00a0 <strong><a href=\"http:\/\/www.engenhariacivil.com\/curso\/ensino\/politecnico?pais=portugal\">Ensino Polit\u00e9cnico de Engenharia Civil<br \/>\n<\/a><\/strong><br \/>\n<span style=\"text-decoration: underline;\">Grau<br \/>\n<\/span><strong><a href=\"http:\/\/www.engenhariacivil.com\/curso\/ensino\/licenciatura?pais=portugal\">Licenciatura em Engenharia Civil<\/a><\/strong> \u00a0\u00a0\u00a0\u00a0\u00a0\u00a0\u00a0\u00a0\u00a0\u00a0\u00a0\u00a0\u00a0\u00a0\u00a0\u00a0\u00a0\u00a0\u00a0\u00a0 <strong><a href=\"http:\/\/www.engenhariacivil.com\/curso\/ensino\/mestrado-integrado?pais=portugal\">Mestrado Integrado em Engenharia Civil<\/a><\/strong><br \/>\n<strong><a href=\"http:\/\/www.engenhariacivil.com\/curso\/ensino\/mestrado?pais=portugal\">Mestrado em Engenharia Civil<\/a><\/strong> (2\u00ba ciclo)\u00a0\u00a0\u00a0\u00a0\u00a0\u00a0\u00a0\u00a0\u00a0\u00a0 <strong><a href=\"http:\/\/www.engenhariacivil.com\/curso\/ensino\/doutoramento?pais=portugal\">Doutoramento em Engenharia Civil<\/a><\/strong><br \/>\n<strong><a href=\"http:\/\/www.engenhariacivil.com\/curso\/ensino\/pos-doutoramento?pais=portugal\">P\u00f3s-doutoramento em Engenharia Civil<\/a><\/strong>\u00a0\u00a0\u00a0\u00a0\u00a0\u00a0\u00a0\u00a0\u00a0 <strong><a href=\"http:\/\/www.engenhariacivil.com\/curso\/ensino\/pos-graduacao?pais=portugal\">P\u00f3s-gradua\u00e7\u00e3o em Engenharia Civil<\/a><br \/>\n<\/strong><\/p>\n","protected":false},"excerpt":{"rendered":"<p>Lista com todos os Cursos de Engenharia Civil em Portugal, incluindo Mestrados Integrados de Engenharia Civil, Licenciaturas em Engenharia Civil e Doutoramentos em Engenharia Civil. S\u00e3o tamb\u00e9m apresentadas todas as Universidades, Institutos e Faculdades de Engenharia Civil em Portugal. Tipo de ensino Ensino Universit\u00e1rio de Engenharia Civil \u00a0\u00a0\u00a0\u00a0\u00a0\u00a0\u00a0\u00a0 Ensino Polit\u00e9cnico de Engenharia Civil Grau Licenciatura [&hellip;]<\/p>\n","protected":false},"author":1,"featured_media":0,"parent":0,"menu_order":0,"comment_status":"closed","ping_status":"closed","template":"tmp_temas2.php","meta":{"footnotes":""},"class_list":["post-20","page","type-page","status-publish","hentry"],"_links":{"self":[{"href":"https:\/\/www.engenhariacivil.com\/curso\/wp-json\/wp\/v2\/pages\/20","targetHints":{"allow":["GET"]}}],"collection":[{"href":"https:\/\/www.engenhariacivil.com\/curso\/wp-json\/wp\/v2\/pages"}],"about":[{"href":"https:\/\/www.engenhariacivil.com\/curso\/wp-json\/wp\/v2\/types\/page"}],"author":[{"embeddable":true,"href":"https:\/\/www.engenhariacivil.com\/curso\/wp-json\/wp\/v2\/users\/1"}],"replies":[{"embeddable":true,"href":"https:\/\/www.engenhariacivil.com\/curso\/wp-json\/wp\/v2\/comments?post=20"}],"version-history":[{"count":24,"href":"https:\/\/www.engenhariacivil.com\/curso\/wp-json\/wp\/v2\/pages\/20\/revisions"}],"predecessor-version":[{"id":134,"href":"https:\/\/www.engenhariacivil.com\/curso\/wp-json\/wp\/v2\/pages\/20\/revisions\/134"}],"wp:attachment":[{"href":"https:\/\/www.engenhariacivil.com\/curso\/wp-json\/wp\/v2\/media?parent=20"}],"curies":[{"name":"wp","href":"https:\/\/api.w.org\/{rel}","templated":true}]}}