



{"id":5501,"date":"2015-06-04T14:37:42","date_gmt":"2015-06-04T13:37:42","guid":{"rendered":"http:\/\/www.engenhariacivil.com\/emprego\/?page_id=5501"},"modified":"2015-06-04T14:50:03","modified_gmt":"2015-06-04T13:50:03","slug":"remover-anuncio","status":"publish","type":"page","link":"https:\/\/www.engenhariacivil.com\/emprego\/remover-anuncio","title":{"rendered":"Remover An\u00fancio"},"content":{"rendered":"<p>Para remover um an\u00fancio basta enviar, <span style=\"text-decoration: underline;\"><strong>a partir do endere\u00e7o de email nele indicado<\/strong><\/span>, uma mensagem, para <strong>emprego@engenhariacivil.com<\/strong>, contendo o texto &#8220;<em>Desejo que o seguinte an\u00fancio seja removido:<\/em>&#8220;, seguido do t\u00edtulo do an\u00fancio.<\/p>\n<p><span style=\"text-decoration: underline;\">Exemplo<\/span>: &#8220;<em>Desejo que o seguinte an\u00fancio seja removido: Procura-se Projetista de Estruturas<\/em>&#8220;<\/p>\n","protected":false},"excerpt":{"rendered":"<p>Para remover um an\u00fancio basta enviar, a partir do endere\u00e7o de email nele indicado, uma mensagem, para emprego@engenhariacivil.com, contendo o texto &#8220;Desejo que o seguinte an\u00fancio seja removido:&#8220;, seguido do t\u00edtulo do an\u00fancio. Exemplo: &#8220;Desejo que o seguinte an\u00fancio seja removido: Procura-se Projetista de Estruturas&#8220;<\/p>\n","protected":false},"author":1,"featured_media":0,"parent":0,"menu_order":0,"comment_status":"open","ping_status":"open","template":"","meta":{"footnotes":""},"class_list":["post-5501","page","type-page","status-publish","hentry"],"_links":{"self":[{"href":"https:\/\/www.engenhariacivil.com\/emprego\/wp-json\/wp\/v2\/pages\/5501","targetHints":{"allow":["GET"]}}],"collection":[{"href":"https:\/\/www.engenhariacivil.com\/emprego\/wp-json\/wp\/v2\/pages"}],"about":[{"href":"https:\/\/www.engenhariacivil.com\/emprego\/wp-json\/wp\/v2\/types\/page"}],"author":[{"embeddable":true,"href":"https:\/\/www.engenhariacivil.com\/emprego\/wp-json\/wp\/v2\/users\/1"}],"replies":[{"embeddable":true,"href":"https:\/\/www.engenhariacivil.com\/emprego\/wp-json\/wp\/v2\/comments?post=5501"}],"version-history":[{"count":8,"href":"https:\/\/www.engenhariacivil.com\/emprego\/wp-json\/wp\/v2\/pages\/5501\/revisions"}],"predecessor-version":[{"id":5509,"href":"https:\/\/www.engenhariacivil.com\/emprego\/wp-json\/wp\/v2\/pages\/5501\/revisions\/5509"}],"wp:attachment":[{"href":"https:\/\/www.engenhariacivil.com\/emprego\/wp-json\/wp\/v2\/media?parent=5501"}],"curies":[{"name":"wp","href":"https:\/\/api.w.org\/{rel}","templated":true}]}}